32 = 0. Calculate the remainder when 24 is divided by q.
0
Let m be (-362)/15 - 14/(-105). Let o(s) = s**2 + 22*s - 28. What is the remainder when o(m) is divided by 11?
9
Let n = 91 + 125. Calculate the remainder when n is divided by 10.
6
Suppose -14*v = -17*v + 27. What is the remainder when 29 is divided by v?
2
What is the remainder when (-2138)/(-16) - (-8)/((-448)/(-21)) is divided by 34?
32
What is the remainder when 185 is divided by (-4)/(32/152*-1)?
14
Suppose 269*j = 279*j - 770. Calculate the remainder when 303 is divided by j.
72
Suppose 3*t = 162 - 54. Suppose h = -3*d - 24, -d = -4*h + 2*d - t. Let a = 29 + h. What is the remainder when a is divided by 9?
8
Suppose 4*b - 5*s + 7 = 0, -2*b + 5*s = -0*b + 11. Let v(h) = -6*h + 3*h + h**3 + 17*h**b - 18*h**2 + 3. Calculate the remainder when 34 is divided by v(3).
10
Let n = -11 + 11. Suppose -5*a - 10 = -n*a, -5*f + 3*a + 26 = 0. Suppose -f*y + 5*p - 3*p = -78, -4*p - 20 = 0. Calculate the remainder when 33 is divided by y.
16
Let p(q) = 12*q**3 - 7*q**2 + 6*q. Calculate the remainder when p(1) is divided by 2/(-8) - 66/(-8).
3
Suppose 436 = 10*l - 344. What is the remainder when l is divided by 19?
2
Calculate the remainder when 151 is divided by (3 - 50/15)*-57.
18
Let a be (4/(-5))/((-8)/60). Suppose -2 = -3*t + 2*t, t = 4*f - a. Suppose -2*l + 108 = f*l. Calculate the remainder when l is divided by 14.
13
Let b be (-228)/(-44) - (-6)/(-33). Suppose -4*s - v = -0*s - 394, 2*s = -b*v + 206. Let z = -62 + s. What is the remainder when 69 is divided by z?
33
Let i(g) = -g**3 - 3*g**2 - 3*g - 3. Let o be (4/10)/((-1)/5). Let f be i(o). Let h(w) = -31*w. Calculate the remainder when h(f) is divided by 8.
7
Suppose 5*y - 2*m = -608, -2*m - 232 = 2*y - 0*y. Let k = -94 - y. What is the remainder when 75 is divided by k?
23
Let a(t) = t**2 - 13*t - 1580. Suppose 111 = -3*k + 4*k - 4*x, 318 = 3*k + 3*x. Calculate the remainder when k is divided by a(47).
17
Let z(b) = -3*b**2 - 3*b - 27. Let q(f) = f**2 - f. Let k(t) = 4*q(t) + z(t). What is the remainder when 82 is divided by k(11)?
14
Let p be 0*(3/(-2) - -2). Let o(g) = -g + 7. Calculate the remainder when 25 is divided by o(p).
4
Suppose 0 = -o + l + 4*l - 14, 3*o = -4*l - 23. Calculate the remainder when (-178)/o - 4/(-18) is divided by 11.
9
Suppose 4*h = 5*t + 27, h - 31*t = -28*t - 2. Suppose 74 = 4*v - 2*v. What is the remainder when v is divided by h?
11
Let i(z) = z**2 - 3*z + 4. Let p be i(4). Let n = -5 + p. Suppose m + n*t - t = 20, -4*m + 44 = -t. What is the remainder when 34 is divided by m?
10
Let i be (13/(-13))/((-1)/6). Let t(a) = 3*a**2 - 6*a + 9. Let y = 27 + -6. What is the remainder when t(i) is divided by y?
18
Suppose -b = 3*n - 44, -5*b + 4*b + 74 = -3*n. What is the remainder when 292 is divided by b?
56
Let h be -2 + (-2)/2*-3. Let y = 28 - 20. What is the remainder when y is divided by 2/(1 - -1 - h)?
0
Let a be 508/(-18) - 4/(-18). Let g = 22 + a. Calculate the remainder when ((-57)/38)/(g/320) is divided by 28.
24
Let a = 35 + -14. Suppose -11 = -5*u + 4. Suppose -j - u*j + 144 = 4*h, 3*h - 2*j = 123. What is the remainder when h is divided by a?
18
Let q(l) = -l**2 - l + 28. Let p(c) = 8*c - 17. Calculate the remainder when p(4) is divided by q(-5).
7
Let k(x) = -x**2 - 19*x + 21. What is the remainder when k(-9) is divided by 14?
13
Let i(b) = -36*b - 163. Calculate the remainder when i(-6) is divided by 25.
3
Let k(y) = y**3 + y**2 + 2*y + 72. Calculate the remainder when 76 is divided by k(0).
4
Suppose 5*m = -4*q + 6*q - 57, 0 = 3*q + 4*m - 51. What is the remainder when 128 is divided by q?
2
Suppose 0 = 3*h + 6 - 3. Let q(d) = -2*d**3 + 3*d + 2. What is the remainder when 3 is divided by q(h)?
0
Let m(x) = 16*x**2 + 12*x + 11. What is the remainder when 28 is divided by m(-1)?
13
Suppose -15*h = -5*l - 19*h + 144, -3*l = -2*h - 82. Calculate the remainder when 87 is divided by l.
3
Calculate the remainder when (40/(-4) - -9)/(1/(-61)) is divided by 21.
19
Let c be (2/2)/(-2 + 1). Suppose 0 = -4*z + 5*p + 116, -7*p + 104 = 5*z - 3*p. What is the remainder when z is divided by c*2 - -13 - -2?
11
Let z(x) = -x + 42. Let m be z(18). Suppose -4*f + 20 + m = 2*u, -3*f + u + 38 = 0. Calculate the remainder when (48 - 1) + 0/(-1) is divided by f.
11
Let g = -3 + 5. Let r = 4 - 4. Suppose 0 = 2*l + g*l + q - 195, -2*l + 4*q + 102 = r. What is the remainder when l is divided by 25?
24
Let x(d) = d**2 + 35*d + 313. Calculate the remainder when 293 is divided by x(-14).
8
Let k(c) = 47*c + 273. What is the remainder when 180 is divided by k(-4)?
10
Suppose 0 = 4*z + 1 - 9. Suppose -5*v - 28 = -3*m, 3*m + z*v + 7 = -0*m. What is the remainder when 5 - (1 - -2) - 0 is divided by m?
0
Let q = -4 + 19. Suppose -4*g + 578 = -4*t + 3*t, -2*g + 298 = 4*t. Suppose -5*y + 4*i = -g, -3 = -y - 3*i + 26. Calculate the remainder when y is divided by q.
14
Suppose -260*x + 231*x = -6293. Calculate the remainder when x is divided by 14.
7
Let v = 523 + -512. Let k = 64 + -38. What is the remainder when k is divided by v?
4
Let l = 773 + -712. Let p(h) = h + 13. Calculate the remainder when l is divided by p(9).
17
Let r(v) = 4*v**2 + v - 2. Let d(b) = -3*b**2 - b + 2. Let t(a) = 6*d(a) + 5*r(a). Let q be t(2). Let l = q - -3. What is the remainder when 30 is divided by l?
8
Let i(u) = -12. Let q(a) = -a - 25. Let c(t) = 5*i(t) - 2*q(t). What is the remainder when (-51)/(-2) + (-5)/10 is divided by c(12)?
11
Suppose q - 53 = -3*q - s, -4*q = 5*s - 57. Suppose -2*p + 58 = -0*p. Suppose m = x + p, 2*m - 4*x + 84 = 6*m. What is the remainder when m is divided by q?
12
Suppose 23 = 5*v - 4*d, -4*v + 5*v = -2*d + 13. Let l be (4/v)/(20/70). Suppose -2*q = -4*o + 60, -l*q = 3*q. What is the remainder when 42 is divided by o?
12
Suppose 7*x - 2138 = 1369. Calculate the remainder when x is divided by 9.
6
Suppose -52 = -4*u + 6*b - 4*b, -8 = -2*b. Calculate the remainder when 87 is divided by u.
12
Suppose -5*v + 240 = 5*s, -270 = -5*v - 3*s + 4*s. What is the remainder when v is divided by 12?
5
Let t be 116/(-10) + 18/30. What is the remainder when (-1 - t/3)*(-3360)/(-128) is divided by 12?
10
Suppose 3*z - 8 = 61. Suppose 0 = -5*o + 153 - z. What is the remainder when o is divided by 16?
10
Let g = 641 - 354. Calculate the remainder when g is divided by 12.
11
Suppose -f + h + 30 = -h, -3*f - 4*h + 120 = 0. Let r = -12 - 4. Calculate the remainder when f is divided by 0/3 + -3 - r.
10
Let w(l) = 6*l**3 - 3*l**2 + 24*l - 41. Let z = -26 - -37. Calculate the remainder when w(2) is divided by z.
10
Calculate the remainder when (1 - 2)*-1*35 is divided by (13 - (1 - -2)) + 3.
9
Let k = -920 + 1004. Calculate the remainder when 253 is divided by k.
1
Let m(v) = -23*v - 6. What is the remainder when 62 is divided by m(-1)?
11
Let y be (-3)/8*-2 + 2622/24. Suppose 5*j - 10*j = -y. Let i = 26 - 18. Calculate the remainder when j is divided by i.
6
Let l(s) = s**2 + s + 2. Let w be l(-2). Calculate the remainder when 7 is divided by 23/w + 15/(-20).
2
Let f(v) = -v**2 - 5*v - 9. Let w be f(-6). Let d(c) = c**2 + 13*c + 48. Suppose -60 = -2*x - x. Calculate the remainder when d(w) is divided by x.
18
Let d = 77 + -124. Let t = -40 - d. Calculate the remainder when 11 is divided by t.
4
Let a(b) = b**3 - 13*b**2 - 17*b - 10. Let d be a(14). Let p = -30 - d. Calculate the remainder when 42 is divided by p.
20
Let m(g) = -2*g**2 + 10*g - 4. Let v be m(4). Calculate the remainder when v/(-1)*-1 - -33 is divided by 19.
18
Suppose -39*h + 37*h = -164. Let u = 101 - h. Calculate the remainder when 70 is divided by u.
13
Suppose 0 = 4*f - 24*f + 13080. Calculate the remainder when f is divided by 47.
43
Let s(c) = -c**3 + 9*c**2 - 8*c + 3. Let n be s(8). Let z be 3*4/18*n. Calculate the remainder when 31 is divided by (z + -5)*(-51)/9.
14
Let d(n) be the first derivative of -5*n**2/2 + 5. Let o be d(3). Let a = o + 47. Calculate the remainder when a is divided by 17.
15
Suppose -j = -2*c - 147, -39 = c - 3*j + 32. Let k = 216 + c. Suppose 2*a + 0*a - k = 0. What is the remainder when a is divided by 18?
17
Let c(h) = h**3 + 6*h**2 - 7*h - 17. What is the remainder when c(-3) is divided by 4/6 - (-30)/9?
3
Suppose 5*g - 16 = g. Suppose 0 - 8